Let y(q) be the first derivative of d(q). What is the units digit of y(-5)?
9
Suppose 0 = 5*b - 94 - 26. Let f be (b/16)/((-2)/(-512)). What is the units digit of ((-3)/2)/((-18)/f)?
2
Suppose -2*l = 26 - 30. Suppose -8 = -l*s, w = -5*s + s + 20. What is the units digit of w?
4
Suppose -5*j + 1659 = -2901. What is the units digit of j?
2
Let z = 320 - 176. Suppose 22*l + z = 24*l. What is the tens digit of l?
7
Let c(p) = -p**2 - 38*p + 20. What is the hundreds digit of c(-21)?
3
Suppose -31749 = -50*g + 106401. What is the hundreds digit of g?
7
Suppose 0*u + 5*u - 5810 = 0. What is the tens digit of u?
6
Let h(j) = -26*j + 362. Let s(d) = 9*d - 121. Let y(p) = 3*h(p) + 8*s(p). What is the hundreds digit of y(0)?
1
Let n(w) = 109*w - 98. What is the tens digit of n(5)?
4
Let p be (21 - 7)*6/(-7). Let y = -9 - p. Suppose -2*q + 56 = 5*g + 10, y*q = -4*g + 55. What is the tens digit of q?
1
Let i = -31 - -571. What is the hundreds digit of i?
5
Let o = -11 - -5. Let g(i) = i**2 + 5*i + 8. Let l be g(o). What is the tens digit of 4/l + (-760)/(-35)?
2
Suppose 4 = -4*r + 8. Let a be (1 + 0 - r) + 12. What is the units digit of 4/a*1*12?
4
Let r(l) = 4*l - 17. Let g be r(24). Suppose 0 = 3*z + g - 760. What is the hundreds digit of z?
2
Let r(a) = -95*a - 3. Let y be r(-3). Suppose -y = -2*u - u. Suppose 3*h - h = u. What is the tens digit of h?
4
Let j = 8407 - 5644. What is the hundreds digit of j?
7
Suppose 0 = -3*a - i - 4, -2*a + i + 3*i + 16 = 0. Suppose a = -34*m + 37*m - 102. What is the tens digit of m?
3
Let w = 352 - 176. What is the tens digit of w?
7
Suppose -5 + 0 = 5*q, -2*q = -5*m + 1847. What is the hundreds digit of m?
3
Let k(g) = -6*g - 2. Let t be k(-2). Let a(s) = 10 - t - s. What is the units digit of a(-7)?
7
Let d(x) = -x**3 - 12*x**2 - 12*x - 9. Let v be d(-11). Suppose -v*a - 4*a = -102. Let k = -16 + a. What is the units digit of k?
1
Suppose -2*t - 5*u + 8 + 7 = 0, -15 = -4*t - 5*u. Suppose 36 = -3*o - 2*k + 523, 5*k - 25 = t. What is the tens digit of o?
5
Let g be 2*(-1)/(-2)*(-126)/21. Let u(o) = 0*o**2 - o**2 + 4 - 3 - 7*o. What is the units digit of u(g)?
7
Suppose 0 = -5*m + 4*q + 383, -3*m - 4*q + 0*q + 217 = 0. Suppose m = 8*y - 7*y. What is the tens digit of y?
7
Let o be (40/(-14))/(9/((-315)/10)). Let m(n) = 2*n**2 - 16*n + 24. What is the tens digit of m(o)?
6
Suppose 485 = 9*n - 1927. What is the tens digit of n?
6
Let x be (10/(-4) - -2)*-66. Suppose -129 + x = 3*n. Let z = 55 + n. What is the tens digit of z?
2
Suppose -w - 5*m + 1 + 12 = 0, 5 = 3*w - 2*m. Let x(t) = -7 + 6*t - 2*t**3 + 4*t + w*t**3 - 7*t**2. What is the units digit of x(6)?
7
Let o(y) = 4*y - 5*y - 5*y. Let h = 5 - 7. What is the tens digit of o(h)?
1
Let n be 5*((-6)/(-5) - 2). Let k(l) be the second derivative of -l**4/12 - 5*l**3/6 - l**2/2 - 3*l - 25. What is the units digit of k(n)?
3
Suppose -3*p + 157 = 4*a, -5*a = 2*p + 108 - 313. Suppose -a*l = -38*l - 135. What is the tens digit of l?
2
Suppose -o + 4*v = 94, 1 = 2*v - 1. Let g = o - -114. What is the units digit of g?
4
Let o = 349 - -1488. What is the hundreds digit of o?
8
Let a(r) = -2*r**2 + 2*r + 2. Let o be a(2). Let k(q) = 4*q**2. Let u be k(o). Suppose -u + 58 = 3*t. What is the units digit of t?
4
Suppose 5*i + 3785 - 572 = 4*b, -5*b = 3*i - 4044. What is the units digit of b?
7
Suppose -2*u - 25 = 7. What is the tens digit of (u/40)/(2/(-670))?
3
Let s(b) = b**2 + 7*b + 8. Let u be s(-9). Let i = 38 - u. What is the units digit of i?
2
Let u(n) be the third derivative of -n**5/30 + 17*n**4/8 + 31*n**3/6 + 9*n**2. What is the units digit of u(23)?
6
Suppose -2*i = 4*m - m - 278, 368 = 4*m + 4*i. What is the tens digit of m?
9
Let m be (-2)/(-9) + (-34)/(-9) + 0. Let p be (1 - -1)/2*0. Suppose 5*u + m - 184 = p. What is the units digit of u?
6
Suppose 0 = -11*s + 5867 + 1261. What is the tens digit of s?
4
Let y(p) = 99*p + 29. Let f(r) = -2*r - 1. Let d(j) = 4*f(j) - y(j). What is the tens digit of d(-3)?
8
Let m be 99*2/(1 - (-1 + 4)). What is the tens digit of m/12*(-384)/18?
7
Suppose 27*h = 12*h + 31350. What is the thousands digit of h?
2
Suppose -v = 3*v - 76. Suppose 2*m - v = -109. Let f = m - -67. What is the tens digit of f?
2
Let n(o) = -o**3 - 588*o - 7*o**2 - 4*o**2 - 15 + 586*o. What is the units digit of n(-11)?
7
Suppose 193*c = 187*c + 2190. What is the hundreds digit of c?
3
Let o = 2 + 4. Suppose -o*b + 9 = -5*b. Let k = 42 + b. What is the tens digit of k?
5
Let s(u) = -u - 1. Let p = -10 - -6. Let n be s(p). Suppose -4*r - 18 = -3*x + 2*x, n*x - 2*r = 64. What is the units digit of x?
2
Let r = -12 + -11. Let i be 22*(0 + 2*-1). Let z = r - i. What is the tens digit of z?
2
Let p be ((-1)/3)/((-13)/195). Suppose a = -p*a - 132. What is the units digit of 3*(-11)/(a/24)?
6
Suppose 5*q - 2*x = 27, -5*q + 1 = -3*x - 27. Suppose 0 = q*j - 4 - 661. What is the hundreds digit of j?
1
Let z = 631 + -429. What is the units digit of z?
2
Suppose 3*d - 2*d = 2*x - 561, -4*d = 3*x - 847. What is the units digit of x?
1
What is the hundreds digit of (70 - 74)*179/(-4)?
1
Let n be 9 + -3 + -2 - 2. Let y(g) be the second derivative of g**3 - g**2 - g. What is the tens digit of y(n)?
1
Suppose -o = 4*o. Let w = 85 + -80. Suppose o = -0*s - 2*s + 4*h + 62, -52 = -s - w*h. What is the units digit of s?
7
Suppose -72*s + 257847 = -11*s. What is the tens digit of s?
2
Let c = -3178 + 4899. What is the tens digit of c?
2
Let c(x) = 6*x**2 - 2*x + 88. What is the hundreds digit of c(23)?
2
Suppose 3 - 5 = -d. Suppose 6*b - 264 = d*b. What is the units digit of b?
6
What is the units digit of 6*(-4)/6 - -45?
1
Let q = 1451 - 998. What is the units digit of q?
3
Suppose 9*z = 3*j + 4*z - 230, z - 345 = -4*j. Let x = 121 - j. What is the units digit of x?
6
Let g = 2612 - 1478. What is the tens digit of g?
3
Suppose 6*q = 8*q. Suppose 0*h + 2*h - 54 = q. Let l = h - 19. What is the units digit of l?
8
Suppose -5*l = -l + 16. Let p be 1 + l - (1 + -12). What is the units digit of 2*(100/p - -3)?
1
Let d(p) = 72*p - 27. What is the units digit of d(2)?
7
Let b = 20 - 17. What is the tens digit of (56 - 11)/((2 - 4) + b)?
4
What is the tens digit of 457 - (-1 - (6 + -5))?
5
Let c = 1724 + -780. What is the hundreds digit of c?
9
Let v(x) = -2*x**2 - 2*x - 1. Let c be v(-2). Let a(q) be the third derivative of -q**5/60 - 13*q**4/24 - 7*q**3/6 + 2*q**2. What is the units digit of a(c)?
3
Suppose 2*v = -2*b + 6442, 4*b + 2161 = -2*v + 8599. What is the units digit of v?
3
Suppose -1 = -l + 4. What is the units digit of (12/l)/((-2)/(-70))?
4
Let b(j) be the first derivative of 2*j**3/3 - j**2 - 13*j - 23. What is the units digit of b(-8)?
1
Let r = -1 + 17. Let j be (r/(-10))/(2/(-5)). Suppose -n = -j*b + 71, -b - 2*n = -7*n - 13. What is the tens digit of b?
1
Suppose -4*g + 161 = 45. Let a = g + -3. What is the units digit of a?
6
Let s be (3 - 4)/((-1)/(-31)). Suppose -4*w + m = 2*m + 25, 15 = -3*w + 3*m. Let o = w - s. What is the units digit of o?
5
Let n = -140 - -142. Suppose 6*s - 2*s = 2*q - 94, 62 = n*q + 4*s. What is the tens digit of q?
3
Suppose -4*j = 3*b - 1528 - 3853, -4*j + 5*b = -5421. What is the tens digit of j?
4
Suppose 0 = -a - 4*d + 1221, 3*a - 3671 = -16*d + 12*d. What is the hundreds digit of a?
2
Let t(o) = -2*o**3 - 9*o**2 - 22. What is the tens digit of t(-8)?
2
Let p = 370 + -238. What is the hundreds digit of p?
1
Let j(l) = -3*l**2 + 16*l**2 - 3*l + l**3 - 6 + 0*l**2 - 5*l**2. What is the tens digit of j(-8)?
1
Suppose -73 = -14*x + 571. What is the tens digit of (-30)/(-9)*x*(-12)/(-8)?
3
Let g(t) = -t**2 - 5*t + 8. Let b be g(-6). Let h = 41 - 41. Suppose -z + h*z + b = 0. What is the units digit of z?
2
Let f(k) = -2*k - 5. Let j be f(-5). Suppose -412 = -5*v + 2*w - 22, v + j*w - 105 = 0. What is the tens digit of v?
8
Let k be -6*((-12)/(-9))/(-2). Suppose 0 = 4*g - 3*o - 29 - 15, 3*o - k = -2*g. What is the units digit of g?
8
Let v(s) = 2*s**2 + 21*s + 4. Let j(c) = c**2 + 11*c + 2. Let t(x) = 9*j(x) - 4*v(x). What is the tens digit of t(-17)?
3
Let m(p) = 307*p. What is the tens digit of m(1)?
0
Let d(n) = n**3 - 14*n**2 + 18*n - 5. Let r be d(13). Let w = r + -27. Suppose -2*s = 11 - w. What is the tens digit of s?
1
Let l(x) = 8*